{"id":14,"date":"2013-12-28T11:41:58","date_gmt":"2013-12-28T10:41:58","guid":{"rendered":"http:\/\/test.marcodedo.it\/?page_id=14"},"modified":"2019-04-10T07:13:06","modified_gmt":"2019-04-10T07:13:06","slug":"homepage","status":"publish","type":"page","link":"https:\/\/double-6.ch\/","title":{"rendered":"Homepage"},"content":{"rendered":"<div id=\"aq-template-wrapper-119\" class=\"aq-template-wrapper aq_row\"><div id=\"accueil\" class=\" template-wrap cf color-white\" style=\"padding-bottom:370px; padding-top:300px;\"  >\n\t\t<div class=\"parallax\" style=\"background-image:url(http:\/\/double-6.ch\/wp-content\/uploads\/2016\/06\/portada_double6_so.jpg); background-color:#f29222; background-position:top left; background-repeat:repeat; background-attachment: fixed;\" ><\/div>\n\t\t<div class=\"container\"><div class=\"row\"><div class=\"span12\"><div class=\"animation-wrapper\"><p class=\"animated pullUp_special\" style=\"font-size:18px;margin-top:10px;margin-bottom:80px; text-align:center; -webkit-animation-duration: 900ms; -moz-animation-duration: 900ms; -o-animation-duration: 900ms;animation-duration: 900ms; animation-delay:0ms; -webkit-animation-delay:0ms; -moz-animation-delay:0ms;-o-animation-delay:0ms;\"><span class=\"portada\">\r\n<span style=\"font-size:8vw;\">DOUBLE6<\/span>\r\n<br>\r\n<span style=\"text-transform:lowercase; font-weight: normal;\"> web marketing agency <\/span><\/p><\/div><\/div>\n<\/div><\/div><\/div><div id=\"lagence\" class=\" template-wrap cf\" style=\"padding-bottom:60px; padding-top:50px;\"  >\n\t\t<div class=\"parallax\" style=\" background-color:#ffffff; background-position:top left; background-repeat:repeat; \" ><\/div>\n\t\t<div class=\"container\"><div class=\"row\"><div class=\"animation-wrapper col-md-12\" style=\"margin:10px 0 10px;\" >\n\t\t\t<div class=\"heading-title-wrapper \" >\n\t\t\t\t<h2 class=\"title\">L'AGENCE<\/h2>\n\t\t\t\t<span class=\"line-title\" style=\"background-color:#0a0a0a\"><\/span>\n\t\t\t\t<span class=\"sub-title\"><\/span>\n\t\t\t<\/div><\/div><!-- END ET-HEADING-TITLE-BLOCK --><div class=\"span12\"><div class=\"animation-wrapper\"><p class=\"\" style=\"font-size:18px;margin-top:10px;margin-bottom:10px; text-align:center; \"><div class=\"text\"><h3>DOUBLE6 EST UNE AGENCE DE MARKETING DIGITAL<\/h3>\r\n\r\n<p>Sp\u00e9cialistes en Marketing digital et optimisation de services E-commerce, notre mission est d\u00b4accompagner nos partenaires dans leur strat\u00e9gie online et les aider \u00e0 atteindre leurs objectifs.<p>\r\n\r\n<\/div><\/p><\/div><\/div>\n<\/div><\/div><\/div><div id=\"lagence\" class=\" template-wrap cf\" style=\"padding-bottom:150px; padding-top:150px;\"  >\n\t\t<div class=\"parallax\" style=\"background-image:url(http:\/\/double-6.ch\/wp-content\/uploads\/2016\/06\/auccess_b.jpg); background-color:#f29222; background-position:top left; background-repeat:repeat; background-attachment: fixed;\" ><\/div>\n\t\t<div class=\"container\"><div class=\"row\"><div class=\"span12\"><div class=\"animation-wrapper\"><p class=\"\" style=\"font-size:18px;margin-top:10px;margin-bottom:10px; text-align:center; \"><span class=\"portada\">\" Avec Double6, doublez vos chances de succ\u00e8s! \"<\/span><\/p><\/div><\/div>\n<\/div><\/div><\/div><div id=\"equipe\" class=\" template-wrap cf\" style=\"padding-bottom:75px; padding-top:50px;\"  >\n\t\t<div class=\"parallax\" style=\" background-color:#ffffff; background-position:top left; background-repeat:repeat; \" ><\/div>\n\t\t<div class=\"container\"><div class=\"row\"><div class=\"animation-wrapper col-md-12\" style=\"margin:10px 0 10px;\" >\n\t\t\t<div class=\"heading-title-wrapper \" >\n\t\t\t\t<h2 class=\"title\">\u00c9QUIPE<\/h2>\n\t\t\t\t<span class=\"line-title\" style=\"background-color:#0a0a0a\"><\/span>\n\t\t\t\t<span class=\"sub-title\"> <\/span>\n\t\t\t<\/div><\/div><!-- END ET-HEADING-TITLE-BLOCK --><div class=\"span12\"><div class=\"animation-wrapper\"><p class=\"animated tada\" style=\"font-size:18px;margin-top:10px;margin-bottom:10px; text-align:center; -webkit-animation-duration: 900ms; -moz-animation-duration: 900ms; -o-animation-duration: 900ms;animation-duration: 900ms; animation-delay:0ms; -webkit-animation-delay:0ms; -moz-animation-delay:0ms;-o-animation-delay:0ms;\"><div class=\"text\">\r\n\r\n<h3>DOUBLE6 AGENCE WEB SPECIALIS\u00c9E<\/h3>\r\n\r\n<p>Notre \u00e9quipe multiculturelle se compose de personnes hautement qualifi\u00e9es qui poss\u00e8dent les vastes comp\u00e9tences, connaissances et exp\u00e9riences n\u00e9cessaires pour mener des actions r\u00e9ussies aussi bien en France qu\u2019\u00e0 l\u2019international (particuli\u00e8rement en EU et APAC).<\/p>\r\n\r\n<p>Nos experts se d\u00e9dient \u00e0 rechercher les meilleures solutions adapt\u00e9es aux n\u00e9cessit\u00e9s de nos clients gr\u00e2ce aussi \u00e0 un vaste r\u00e9seau des partenaires de confiance dans chaque march\u00e9.<\/p>\r\n\r\n<\/div><\/p><\/div><\/div>\n<\/div><\/div><\/div><div id=\"nos-services\" class=\" template-wrap cf color-white\" style=\"padding-bottom:150px; padding-top:150px;\"  >\n\t\t<div class=\"parallax\" style=\"background-image:url(http:\/\/double-6.ch\/wp-content\/uploads\/2016\/06\/services_b.jpg); background-color:#f29222; background-position:top left; background-repeat:repeat; background-attachment: fixed;\" ><\/div>\n\t\t<div class=\"container\"><div class=\"row\"><div class=\"span12\"><div class=\"animation-wrapper\"><p class=\"\" style=\"font-size:18px;margin-top:10px;margin-bottom:10px; text-align:center; \"><p class=\"frase\" style=\"text-transform: uppercase; font-weight:bold;\"><i>\"Le succ\u00e8s n'est pas au bout du chemin. Il est dans ta d\u00e9marche m\u00eame\".<\/i><br>\r\n<span style=\"text-transform: none;  font-size:18px;\">(Fran\u00e7ois Garagnon)<\/span><\/p><\/p><\/div><\/div><div class=\"animation-wrapper col-md-12\" style=\"margin:10px 0 10px;\" >\n\t\t\t<div class=\"heading-title-wrapper \" >\n\t\t\t\t<h2 class=\"title\">NOS SERVICES<\/h2>\n\t\t\t\t<span class=\"line-title\" style=\"background-color:#ffffff\"><\/span>\n\t\t\t\t<span class=\"sub-title\"><\/span>\n\t\t\t<\/div><\/div><!-- END ET-HEADING-TITLE-BLOCK --><div class=\"list-services-wrapper animation-wrapper\" style=\"margin:30px 0 10px;\">\n\t\t\t\t<div class=\"col-md-4 \" >\n\t\t\t\t\t<div class=\"service-wrapper\">\n\t\t\t\t\t\t<span class=\"icon\"><i class=\"fa fa-map-marker\"><\/i><\/span>\n\t\t\t\t\t\t<h2 class=\"title\">Conseil &amp; Strat\u00e9gie<\/h2>\n\t\t\t\t\t\t<p><\/p>\n\t\t\t\t\t<\/div>\n\t\t\t\t<\/div>\n\t\t\t\n\t\t\t\t<div class=\"col-md-4 \" >\n\t\t\t\t\t<div class=\"service-wrapper\">\n\t\t\t\t\t\t<span class=\"icon\"><i class=\"fa fa-eye\"><\/i><\/span>\n\t\t\t\t\t\t<h2 class=\"title\">G\u00e9n\u00e9ration de trafic<\/h2>\n\t\t\t\t\t\t<p><\/p>\n\t\t\t\t\t<\/div>\n\t\t\t\t<\/div>\n\t\t\t\n\t\t\t\t<div class=\"col-md-4 \" >\n\t\t\t\t\t<div class=\"service-wrapper\">\n\t\t\t\t\t\t<span class=\"icon\"><i class=\"fa fa-unlock\"><\/i><\/span>\n\t\t\t\t\t\t<h2 class=\"title\">Fid\u00e9lisation<\/h2>\n\t\t\t\t\t\t<p><\/p>\n\t\t\t\t\t<\/div>\n\t\t\t\t<\/div>\n\t\t\t<\/div><!-- END ET-SERVICES-BLOCK -->\n<\/div><\/div><\/div><div id=\"\" class=\" template-wrap cf\" style=\"padding-bottom:50px; padding-top:50px;\"  >\n\t\t<div class=\"parallax\" style=\" background-color:#ffffff; background-position:top left; background-repeat:repeat; \" ><\/div>\n\t\t<div class=\"container\"><div class=\"row\"><div class=\"span12\"><div class=\"animation-wrapper\"><p class=\"\" style=\"font-size:18px;margin-top:10px;margin-bottom:10px; text-align:center; \"><div class=\"text\">\r\n\r\n<p>Vous g\u00e9rez un site Web ou une Base de Donn\u00e9es opt-in et vous souhaitez mon\u00e9tiser votre audience ? Double6 offre des programmes d'affiliation sur plusieurs pays d'Europe ainsi que d'Asie-Pacifique. N'attendez plus !<\/p>\r\n\r\n<\/div><\/p><\/div><\/div>\n<\/div><\/div><\/div><\/div>\n","protected":false},"excerpt":{"rendered":"","protected":false},"author":1,"featured_media":0,"parent":0,"menu_order":0,"comment_status":"open","ping_status":"open","template":"","meta":{"footnotes":""},"class_list":["post-14","page","type-page","status-publish","hentry"],"_links":{"self":[{"href":"https:\/\/double-6.ch\/index.php\/wp-json\/wp\/v2\/pages\/14","targetHints":{"allow":["GET"]}}],"collection":[{"href":"https:\/\/double-6.ch\/index.php\/wp-json\/wp\/v2\/pages"}],"about":[{"href":"https:\/\/double-6.ch\/index.php\/wp-json\/wp\/v2\/types\/page"}],"author":[{"embeddable":true,"href":"https:\/\/double-6.ch\/index.php\/wp-json\/wp\/v2\/users\/1"}],"replies":[{"embeddable":true,"href":"https:\/\/double-6.ch\/index.php\/wp-json\/wp\/v2\/comments?post=14"}],"version-history":[{"count":1,"href":"https:\/\/double-6.ch\/index.php\/wp-json\/wp\/v2\/pages\/14\/revisions"}],"predecessor-version":[{"id":160,"href":"https:\/\/double-6.ch\/index.php\/wp-json\/wp\/v2\/pages\/14\/revisions\/160"}],"wp:attachment":[{"href":"https:\/\/double-6.ch\/index.php\/wp-json\/wp\/v2\/media?parent=14"}],"curies":[{"name":"wp","href":"https:\/\/api.w.org\/{rel}","templated":true}]}}